{"id":24316,"date":"2026-04-08T16:14:59","date_gmt":"2026-04-08T16:14:59","guid":{"rendered":"https:\/\/hairhigueron.multiplikate.com\/?page_id=24316"},"modified":"2026-04-10T13:54:05","modified_gmt":"2026-04-10T13:54:05","slug":"quienes-somos","status":"publish","type":"page","link":"https:\/\/hairhigueron.multiplikate.com\/?page_id=24316","title":{"rendered":"Quienes Somos"},"content":{"rendered":"<p>[et_pb_section fb_built=\u00bb1&#8243; custom_padding_last_edited=\u00bbon|phone\u00bb _builder_version=\u00bb4.27.4&#8243; _module_preset=\u00bbdefault\u00bb background_color=\u00bb#000000&#8243; background_enable_image=\u00bboff\u00bb custom_padding=\u00bb60px||60px||true|false\u00bb custom_padding_tablet=\u00bb160px||160px||true|false\u00bb custom_padding_phone=\u00bb60px||60px||true|false\u00bb global_colors_info=\u00bb{}\u00bb locked=\u00bboff\u00bb][et_pb_row custom_padding_last_edited=\u00bbon|phone\u00bb _builder_version=\u00bb4.27.4&#8243; _module_preset=\u00bbdefault\u00bb custom_margin_tablet=\u00bb\u00bb custom_margin_phone=\u00bb||0px||false|false\u00bb custom_margin_last_edited=\u00bbon|phone\u00bb custom_padding=\u00bb||5px|||\u00bb custom_padding_tablet=\u00bb\u00bb custom_padding_phone=\u00bb||0px||false|false\u00bb animation_style=\u00bbzoom\u00bb global_colors_info=\u00bb{}\u00bb][et_pb_column type=\u00bb4_4&#8243; _builder_version=\u00bb4.27.4&#8243; _module_preset=\u00bbdefault\u00bb global_colors_info=\u00bb{}\u00bb][et_pb_image src=\u00bbhttps:\/\/hairhigueron.multiplikate.com\/wp-content\/uploads\/2026\/03\/Logo.png\u00bb title_text=\u00bbLogo\u00bb align=\u00bbcenter\u00bb _builder_version=\u00bb4.27.4&#8243; _module_preset=\u00bbdefault\u00bb global_colors_info=\u00bb{}\u00bb][\/et_pb_image][\/et_pb_column][\/et_pb_row][et_pb_row column_structure=\u00bb1_3,1_3,1_3&#8243; custom_padding_last_edited=\u00bbon|phone\u00bb _builder_version=\u00bb4.27.4&#8243; _module_preset=\u00bbdefault\u00bb custom_margin=\u00bb28px|auto||auto||\u00bb custom_margin_tablet=\u00bb28px|auto||auto||\u00bb custom_margin_phone=\u00bb0px|auto||auto|false|false\u00bb custom_margin_last_edited=\u00bbon|phone\u00bb custom_padding_tablet=\u00bb\u00bb custom_padding_phone=\u00bb||0px||false|false\u00bb animation_style=\u00bbzoom\u00bb global_colors_info=\u00bb{}\u00bb][et_pb_column type=\u00bb1_3&#8243; _builder_version=\u00bb4.27.4&#8243; _module_preset=\u00bbdefault\u00bb global_colors_info=\u00bb{}\u00bb][et_pb_text _builder_version=\u00bb4.27.4&#8243; _module_preset=\u00bbdefault\u00bb header_3_font=\u00bbOutfit|300||on|||||\u00bb header_3_text_align=\u00bbcenter\u00bb header_3_text_color=\u00bb#FFFFFF\u00bb header_3_line_height=\u00bb1.2em\u00bb custom_margin=\u00bb0px||-4px||false|false\u00bb custom_padding=\u00bb0px||0px||false|false\u00bb link_option_url=\u00bbhttps:\/\/hairhigueron.multiplikate.com\/?page_id=24316&#8243; header_3_font_size_tablet=\u00bb28px\u00bb header_3_font_size_phone=\u00bb20px\u00bb header_3_font_size_last_edited=\u00bbon|phone\u00bb global_colors_info=\u00bb{}\u00bb]<\/p>\n<h3>Quienes Somos<\/h3>\n<p>[\/et_pb_text][\/et_pb_column][et_pb_column type=\u00bb1_3&#8243; _builder_version=\u00bb4.27.4&#8243; _module_preset=\u00bbdefault\u00bb global_colors_info=\u00bb{}\u00bb][et_pb_text _builder_version=\u00bb4.27.4&#8243; _module_preset=\u00bbdefault\u00bb header_3_font=\u00bbOutfit|300||on|||||\u00bb header_3_text_align=\u00bbcenter\u00bb header_3_text_color=\u00bb#FFFFFF\u00bb header_3_line_height=\u00bb1.2em\u00bb custom_margin=\u00bb0px||-4px||false|false\u00bb custom_padding=\u00bb0px||0px||false|false\u00bb link_option_url=\u00bbhttps:\/\/hairhigueron.multiplikate.com\/?page_id=24320&#8243; header_3_font_size_tablet=\u00bb28px\u00bb header_3_font_size_phone=\u00bb20px\u00bb header_3_font_size_last_edited=\u00bbon|phone\u00bb global_colors_info=\u00bb{}\u00bb]<\/p>\n<h3>Boutique<\/h3>\n<p>[\/et_pb_text][\/et_pb_column][et_pb_column type=\u00bb1_3&#8243; _builder_version=\u00bb4.27.4&#8243; _module_preset=\u00bbdefault\u00bb global_colors_info=\u00bb{}\u00bb][et_pb_text _builder_version=\u00bb4.27.4&#8243; _module_preset=\u00bbdefault\u00bb header_3_font=\u00bbOutfit|300||on|||||\u00bb header_3_text_align=\u00bbcenter\u00bb header_3_text_color=\u00bb#FFFFFF\u00bb header_3_line_height=\u00bb1.2em\u00bb custom_margin=\u00bb0px||-4px||false|false\u00bb custom_padding=\u00bb0px||0px||false|false\u00bb link_option_url=\u00bbhttps:\/\/hairhigueron.multiplikate.com\/?page_id=24324&#8243; header_3_font_size_tablet=\u00bb28px\u00bb header_3_font_size_phone=\u00bb20px\u00bb header_3_font_size_last_edited=\u00bbon|phone\u00bb global_colors_info=\u00bb{}\u00bb]<\/p>\n<h3>servicios<\/h3>\n<p>[\/et_pb_text][\/et_pb_column][\/et_pb_row][\/et_pb_section][et_pb_section fb_built=\u00bb1&#8243; custom_padding_last_edited=\u00bbon|phone\u00bb _builder_version=\u00bb4.27.4&#8243; _module_preset=\u00bbdefault\u00bb custom_margin=\u00bb0px||0px||false|false\u00bb custom_padding=\u00bb50px||24px||false|false\u00bb custom_padding_tablet=\u00bb118px||100px||false|false\u00bb custom_padding_phone=\u00bb20px||20px||true|false\u00bb global_colors_info=\u00bb{}\u00bb][et_pb_row column_structure=\u00bb3_5,2_5&#8243; use_custom_gutter=\u00bbon\u00bb gutter_width=\u00bb1&#8243; module_class=\u00bbspa-4-inlbtn-sc\u00bb _builder_version=\u00bb4.27.4&#8243; _module_preset=\u00bbdefault\u00bb max_width=\u00bb2560px\u00bb custom_margin=\u00bb0px|auto|50px|auto|false|false\u00bb custom_margin_tablet=\u00bb0px||118px||false|false\u00bb custom_margin_phone=\u00bb0px||20px||false|false\u00bb custom_margin_last_edited=\u00bbon|phone\u00bb custom_padding=\u00bb0px||0px||false|false\u00bb global_colors_info=\u00bb{}\u00bb][et_pb_column type=\u00bb3_5&#8243; _builder_version=\u00bb4.27.4&#8243; _module_preset=\u00bbdefault\u00bb custom_padding=\u00bb|||0px|false|false\u00bb custom_padding_tablet=\u00bb70px|||0px|false|false\u00bb custom_padding_phone=\u00bb55px||||false|false\u00bb custom_padding_last_edited=\u00bbon|tablet\u00bb animation_style=\u00bbslide\u00bb animation_direction=\u00bbright\u00bb animation_intensity_slide=\u00bb1%\u00bb animation_speed_curve=\u00bbease\u00bb global_colors_info=\u00bb{}\u00bb][et_pb_image src=\u00bbhttps:\/\/hairhigueron.multiplikate.com\/wp-content\/uploads\/2026\/02\/long-hair_3684519.png\u00bb title_text=\u00bblong-hair_3684519&#8243; _builder_version=\u00bb4.27.4&#8243; _module_preset=\u00bbdefault\u00bb width=\u00bb6%\u00bb width_tablet=\u00bb10%\u00bb width_phone=\u00bb15%\u00bb width_last_edited=\u00bbon|phone\u00bb global_colors_info=\u00bb{}\u00bb][\/et_pb_image][et_pb_text _builder_version=\u00bb4.27.4&#8243; _module_preset=\u00bbdefault\u00bb text_font=\u00bbOutfit|200|||||||\u00bb text_text_color=\u00bb#04a2db\u00bb text_font_size=\u00bb29px\u00bb text_line_height=\u00bb1.6em\u00bb custom_margin=\u00bb0px||0px||false|false\u00bb custom_padding=\u00bb0px||0px||false|false\u00bb text_font_size_tablet=\u00bb29px\u00bb text_font_size_phone=\u00bb24px\u00bb text_font_size_last_edited=\u00bbon|phone\u00bb global_colors_info=\u00bb{}\u00bb]<\/p>\n<p>Hair &amp; Style<\/p>\n<p>[\/et_pb_text][et_pb_text _builder_version=\u00bb4.27.4&#8243; _module_preset=\u00bbdefault\u00bb header_2_font=\u00bbOutfit|800||on|||||\u00bb header_2_text_align=\u00bbleft\u00bb header_2_text_color=\u00bb#1c1a1d\u00bb header_2_font_size=\u00bb35px\u00bb header_2_line_height=\u00bb1.2em\u00bb custom_margin=\u00bb0px||12px||false|false\u00bb custom_padding=\u00bb0px||0px||false|false\u00bb header_2_font_size_tablet=\u00bb44px\u00bb header_2_font_size_phone=\u00bb30px\u00bb header_2_font_size_last_edited=\u00bbon|phone\u00bb global_colors_info=\u00bb{}\u00bb]<\/p>\n<h2>Sobre nosotros<\/h2>\n<p>[\/et_pb_text][et_pb_text _builder_version=\u00bb4.27.4&#8243; _module_preset=\u00bbdefault\u00bb text_font=\u00bbPlus Jakarta Sans||||||||\u00bb text_text_color=\u00bb#838184&#8243; text_font_size=\u00bb16px\u00bb text_line_height=\u00bb1.8em\u00bb custom_margin=\u00bb0px||22px||false|false\u00bb custom_margin_tablet=\u00bb0px||42px||false|false\u00bb custom_margin_phone=\u00bb0px||38px||false|false\u00bb custom_margin_last_edited=\u00bbon|phone\u00bb custom_padding=\u00bb0px||0px||false|false\u00bb global_colors_info=\u00bb{}\u00bb]<\/p>\n<p data-start=\"56\" data-end=\"390\" style=\"text-align: justify;\">En <strong>Anabel Postigo Hair &amp; Style<\/strong> creemos que la belleza aut\u00e9ntica nace del equilibrio entre t\u00e9cnica, escucha y creatividad. Nuestro sal\u00f3n,<strong> ubicado<\/strong> en el exclusivo entorno de <strong>Higuer\u00f3n Resort<\/strong>, ha sido creado para ofrecer una experiencia \u00fanica donde cada detalle est\u00e1 pensado para cuidar, potenciar y reflejar la identidad de cada cliente.<\/p>\n<p data-start=\"392\" data-end=\"778\" style=\"text-align: justify;\">Fundado por <strong>Anabel Postigo S\u00e1nchez,<\/strong> profesional con una<strong> amplia trayectoria internacional<\/strong> en ciudades como Londres, Ibiza y Marbella, el sal\u00f3n es el resultado de a\u00f1os de <strong>formaci\u00f3n, experiencia y pasi\u00f3n por el arte de la peluquer\u00eda<\/strong>. Su visi\u00f3n combina tradici\u00f3n y vanguardia, heredando un legado familiar mientras evoluciona constantemente con las \u00faltimas tendencias y t\u00e9cnicas del sector.<\/p>\n<p data-start=\"780\" data-end=\"1183\" style=\"text-align: justify;\">Nuestro enfoque se basa en <strong>tratar cada cabello como \u00fanico<\/strong>. Escuchamos, analizamos y dise\u00f1amos cada servicio de forma totalmente personalizada, adapt\u00e1ndolo al estilo de vida, necesidades y objetivos de cada persona. Trabajamos exclusivamente con<strong> marcas profesionales de alta gama<\/strong>, en las que confiamos como especialistas, para garantizar resultados visibles, duraderos y respetuosos con la salud capilar.<\/p>\n<p data-start=\"1185\" data-end=\"1415\" data-is-last-node=\"\" data-is-only-node=\"\" style=\"text-align: justify;\">M\u00e1s que un sal\u00f3n, somos un espacio donde sentirte<strong> cuidado, asesorado e inspirado<\/strong>. Un lugar donde la belleza se construye desde la confianza, el detalle y la excelencia, para que cada cliente salga con la mejor versi\u00f3n de s\u00ed mismo.<\/p>\n<p>[\/et_pb_text][et_pb_code admin_label=\u00bbinline-button code\u00bb _builder_version=\u00bb4.23&#8243; _module_preset=\u00bbdefault\u00bb custom_margin=\u00bb0px||0px||false|false\u00bb custom_padding=\u00bb0px||0px||false|false\u00bb global_colors_info=\u00bb{}\u00bb]<\/p>\n<style><!-- [et_pb_line_break_holder] -->  .spa-4-inlbtn-sc<!-- [et_pb_line_break_holder] -->.et_pb_button_module_wrapper {<!-- [et_pb_line_break_holder] -->display: inline-block;<!-- [et_pb_line_break_holder] --><!-- [et_pb_line_break_holder] -->}<!-- [et_pb_line_break_holder] --><!-- [et_pb_line_break_holder] --><\/style>\n<p>[\/et_pb_code][\/et_pb_column][et_pb_column type=\u00bb2_5&#8243; _builder_version=\u00bb4.23&#8243; _module_preset=\u00bbdefault\u00bb animation_style=\u00bbslide\u00bb animation_direction=\u00bbleft\u00bb animation_intensity_slide=\u00bb1%\u00bb animation_speed_curve=\u00bbease\u00bb global_colors_info=\u00bb{}\u00bb][et_pb_image src=\u00bbhttps:\/\/hairhigueron.multiplikate.com\/wp-content\/uploads\/2026\/02\/2025-09-01-1.webp\u00bb title_text=\u00bb2025-09-01&#8243; align=\u00bbcenter\u00bb _builder_version=\u00bb4.27.4&#8243; _module_preset=\u00bbdefault\u00bb custom_margin=\u00bb126px|||||\u00bb box_shadow_style=\u00bbpreset2&#8243; global_colors_info=\u00bb{}\u00bb][\/et_pb_image][\/et_pb_column][\/et_pb_row][\/et_pb_section]<\/p>\n","protected":false},"excerpt":{"rendered":"<p>Quienes SomosBoutiqueserviciosHair &amp; StyleSobre nosotrosEn Anabel Postigo Hair &amp; Style creemos que la belleza aut\u00e9ntica nace del equilibrio entre t\u00e9cnica, escucha y creatividad. Nuestro sal\u00f3n, ubicado en el exclusivo entorno de Higuer\u00f3n Resort, ha sido creado para ofrecer una experiencia \u00fanica donde cada detalle est\u00e1 pensado para cuidar, potenciar y reflejar la identidad de cada [&hellip;]<\/p>\n","protected":false},"author":1,"featured_media":0,"parent":0,"menu_order":0,"comment_status":"closed","ping_status":"closed","template":"","meta":{"_et_pb_use_builder":"on","_et_pb_old_content":"","_et_gb_content_width":"","footnotes":""},"class_list":["post-24316","page","type-page","status-publish","hentry"],"_links":{"self":[{"href":"https:\/\/hairhigueron.multiplikate.com\/index.php?rest_route=\/wp\/v2\/pages\/24316","targetHints":{"allow":["GET"]}}],"collection":[{"href":"https:\/\/hairhigueron.multiplikate.com\/index.php?rest_route=\/wp\/v2\/pages"}],"about":[{"href":"https:\/\/hairhigueron.multiplikate.com\/index.php?rest_route=\/wp\/v2\/types\/page"}],"author":[{"embeddable":true,"href":"https:\/\/hairhigueron.multiplikate.com\/index.php?rest_route=\/wp\/v2\/users\/1"}],"replies":[{"embeddable":true,"href":"https:\/\/hairhigueron.multiplikate.com\/index.php?rest_route=%2Fwp%2Fv2%2Fcomments&post=24316"}],"version-history":[{"count":6,"href":"https:\/\/hairhigueron.multiplikate.com\/index.php?rest_route=\/wp\/v2\/pages\/24316\/revisions"}],"predecessor-version":[{"id":24400,"href":"https:\/\/hairhigueron.multiplikate.com\/index.php?rest_route=\/wp\/v2\/pages\/24316\/revisions\/24400"}],"wp:attachment":[{"href":"https:\/\/hairhigueron.multiplikate.com\/index.php?rest_route=%2Fwp%2Fv2%2Fmedia&parent=24316"}],"curies":[{"name":"wp","href":"https:\/\/api.w.org\/{rel}","templated":true}]}}